 z + -3. Calculate the remainder when 50 is divided by d.
16
Let h(z) = -z**3 - 10*z**2 - 17*z - 1. Calculate the remainder when 13 is divided by h(-8).
6
Suppose -2*i = -i - 8. What is the remainder when 23 is divided by i?
7
Let c = 10 - 5. Suppose 0 = 5*f + c, -5*n - 4*f + 98 = 22. Let h = 34 + n. Calculate the remainder when h is divided by 17.
16
Suppose 155 - 39 = 3*d + 2*f, 0 = f + 5. Calculate the remainder when 81 is divided by d.
39
Suppose 6*s + s = 63. What is the remainder when 87 is divided by s?
6
Let u(x) = -x**3 + 2*x**2 + x + 22. Suppose 2*s - 154 + 24 = 0. Calculate the remainder when s is divided by u(0).
21
Let g(c) = -c**2 + 14*c - 10. What is the remainder when g(6) is divided by (2*13)/(1 - -1)?
12
Suppose 12 = -3*c + 57. Calculate the remainder when 28 is divided by c.
13
Suppose 0 = 2*y - 6, -4*h + 6*y - 3*y = 5. Let x be 1 - (-1 + h) - -95. Suppose v + x = 5*v. What is the remainder when v is divided by 13?
11
Let b(t) = 3*t**2 + 5*t + 5. Suppose 0 = i + g + 1 - 3, g = -4*i + 11. Calculate the remainder when b(-2) is divided by i.
1
Let t be ((-8)/10)/((-6)/45). Suppose -b - t + 35 = 0. Calculate the remainder when b is divided by 10.
9
Let h(t) = 18*t**3 - 2*t**2 + 1. Suppose 3*l - 160 = -2*l. What is the remainder when l is divided by h(1)?
15
Suppose 5*q - 28 = 2*n, 2*q + 5*n + 4 = 2*n. Suppose -q*f = -9*f + 40. Calculate the remainder when (-12)/(-16) + (-117)/(-4) is divided by f.
6
Let h(l) = l**3 + 5*l**2 - 2*l + 3. Let q = -10 + 5. Let d be h(q). Suppose -4*a + 3 + d = 0. Calculate the remainder when 13 is divided by a.
1
Suppose -17*o + 98 = -15*o. What is the remainder when o is divided by 17?
15
Let z = 55 - 49. What is the remainder when z is divided by 3?
0
Let g(y) = 2*y + 1. Let a be ((-4)/(-6))/(10/105). Suppose 20 = a*b - 2*b. What is the remainder when b is divided by g(1)?
1
Suppose 33 = -4*t + 7*t. Calculate the remainder when 40 is divided by t.
7
Suppose 3*o + l = -2, -5*o + l - 1 = -3. Suppose 2*h + h - 72 = o. Calculate the remainder when h is divided by 9.
6
Suppose -4 = g - 5. Let y(j) = 15*j**2 + 1. What is the remainder when y(g) is divided by 9?
7
What is the remainder when 41 is divided by ((-8)/10)/(6/(-105))?
13
Let k be 1/(((-4)/9)/(-4)). Calculate the remainder when 66*6/k + -1 is divided by 22.
21
Let r be 33/7 - 2/(-7). Suppose r*l + 1 - 12 = 2*k, l + 3*k = 9. Let f(g) = -g**3 + 3*g**2 + 3*g - 4. What is the remainder when 9 is divided by f(l)?
4
Let k = -23 - -45. Let u = -7 + k. Let r(d) = d + 44. What is the remainder when r(0) is divided by u?
14
Suppose 0*l + 2*l - 4 = 0. Suppose 0 - 4 = -l*y. Calculate the remainder when 5 is divided by y.
1
Let b = -2 - -6. Let d(l) = 3*l**2 - 4*l - 2. Suppose -4*k = -51 + 19. Calculate the remainder when d(b) is divided by k.
6
Let f = -38 + 43. Calculate the remainder when 15 is divided by f.
0
Let y(g) = 8*g - 3 - g - 2*g - g**2 + 3*g. Let f be y(6). Let p = 76 - f. What is the remainder when p is divided by 17?
16
Let f be (-1)/5 + 26/5. Suppose l + u - 63 = 0, -l - f*u + 111 = l. Suppose -3*n = n - l. What is the remainder when n is divided by 9?
8
Let h(a) = -a**3 - 5*a**2 - 3*a - 7. Calculate the remainder when h(-5) is divided by (-6)/4*11/((-132)/40).
3
What is the remainder when 262 is divided by ((-815)/(-20) + -1)*(-12)/(-9)?
50
Suppose 5*u + 4*t = 295, 2*u + 0*t - 135 = -5*t. Calculate the remainder when u is divided by 19.
17
Let l(i) = 2*i - 7. Let p = 9 + -3. Let n be l(p). Suppose 128 = n*m - m. What is the remainder when m is divided by 11?
10
Let q(u) = -5*u**2 - 5*u + 6. Let i be q(-5). Let l = -51 - i. What is the remainder when l is divided by 15?
13
Suppose -5*s + s + 124 = 0. Suppose 0 = z + r + 3*r - s, -27 = -z - 5*r. Let g = -34 + z. What is the remainder when 38 is divided by g?
12
Let r be (-74)/14 + (-6)/(-21). Let n be ((-5)/r)/((-1)/(-2)). Suppose 6*a = n*a + 92. Calculate the remainder when a is divided by 13.
10
Let t(q) = -q**3 + 8*q**2 - 4*q - 1. Let u = -4 + 10. Let j be t(u). Suppose -13 + j = 2*n. Calculate the remainder when 49 is divided by n.
15
Calculate the remainder when 53 is divided by (1 - -6)/((-4)/(-13 + -3)).
25
Let x = -14 + 34. Let s(r) = -r**2 - 5*r - 10. Let i be s(-7). Let y = -17 - i. What is the remainder when x is divided by y?
6
Let j = -1 + -5. Let v(o) = o**3 + o**2. Let t(q) = 7*q**3 + 13*q**2 + 8*q + 3. Let i(c) = -t(c) + 6*v(c). What is the remainder when i(j) is divided by 4?
1
Let c = 6 - 4. Suppose c*o = 3*o - 8. Let s = 6 + 9. What is the remainder when s is divided by o?
7
Suppose -2*k = -8 - 30. Suppose k = l - 9. What is the remainder when l is divided by 10?
8
Let v = -3 - -7. Let t be ((-2)/3)/(v/(-6)). Calculate the remainder when 19 is divided by t + (2 - 4) - -8.
5
Let y = 101 - 65. Suppose 2*p + 6 - y = 0. Calculate the remainder when 43 is divided by p.
13
Suppose 0 = 5*u + 4*r - 5*r - 156, -4*u - 5*r + 119 = 0. Calculate the remainder when u is divided by 8.
7
Let w(k) = -k**3 + 6*k**2 - 5*k - 3. Calculate the remainder when 344/20 + 3/(-15) is divided by w(4).
8
Suppose -7*d = -2*d + 40. Let s = 13 + d. Calculate the remainder when s is divided by 2.
1
Suppose 0*m - 12 = -4*m. Suppose 0*q - 5*q + 5 = 0, m*q - 223 = -2*j. Calculate the remainder when j is divided by 28.
26
Let j(n) = 15*n - 5. Let a = -9 + 14. What is the remainder when j(a) is divided by 18?
16
Let c(v) = -v**2 + 10*v + 7. Calculate the remainder when c(8) is divided by 8.
7
Let i = 21 - 17. What is the remainder when 15 is divided by i/(-8) - (-57)/6?
6
Let z = 0 - -9. Let v = z - 4. Suppose -c = 2*r - 20, v*r - 32 = c - 2*c. What is the remainder when 23 is divided by c?
11
Let j(l) = l**2 + 11. Let g(x) = -x + 4. Let w be g(4). What is the remainder when 30 is divided by j(w)?
8
Suppose 0 = 8*a + 2*a - 160. What is the remainder when 31 is divided by a?
15
Suppose -3*j - 2*j + 4*t + 22 = 0, 4*t + 16 = 2*j. Suppose 3*r = f + 31, 2*f - 26 = -0*r - j*r. Calculate the remainder when r is divided by 3.
2
Let o = -242 + 257. Suppose -66 = -2*k + 4*p + 34, -5*k = 3*p - 289. What is the remainder when k is divided by o?
11
Suppose -2*u + 5 = 1. Suppose 18 = u*j - j. Calculate the remainder when 51 is divided by j.
15
Let m(l) = -1 + 0*l**2 - 5 + 3*l**2 + 3*l + 5*l. What is the remainder when m(-5) is divided by 16?
13
Suppose -2*v - 10 = -4*v, 2*v + 11 = 3*w. Let t(d) be the first derivative of d**2/2 - 4*d - 15. Calculate the remainder when t(w) is divided by 2.
1
Suppose -206 = -2*h - 2*o + 316, 0 = -2*h - o + 523. Calculate the remainder when h is divided by 38.
34
Let b(d) = d + 4. Suppose -z - 5*o = -6, -2*z + o = 4*o - 19. What is the remainder when z is divided by b(2)?
5
Suppose 42*m - 47*m = -45. Suppose k = 5*k - 104. What is the remainder when k is divided by m?
8
Let y = -19 - -47. Suppose 0 = 2*g - 0*g - y. What is the remainder when 27 is divided by g?
13
Suppose 0 = 4*i - 2*i - 22. What is the remainder when 41 is divided by i?
8
Let o = 6 - 4. Suppose -9 + 29 = 3*m + k, -2*m + 2*k = -16. What is the remainder when (-1)/(m/4 - o) is divided by 2?
0
Suppose 4*x - 91 = 65. What is the remainder when x is divided by ((-5)/2*8)/(-1)?
19
Suppose -6*b + 5 = -f - 3*b, -10 = -f - 2*b. Calculate the remainder when (-961)/(-186) - (0 + (-1)/(-6)) is divided by f.
1
Let u be -1 - 4 - (-1 + 2). What is the remainder when 24 is divided by (-26)/(-4)*(u + 8)?
11
Suppose 12*l + 0*l - 156 = 0. Let c(t) = 2*t**3 - 7*t**2 + 6*t - 3. Let j be c(4). Calculate the remainder when j/(-3*3/(-9)) is divided by l.
11
Let c = -8 - -7. What is the remainder when 26 is divided by (-220)/(-24) - c/(-6)?
8
Let y(g) be the third derivative of -g**4/6 - 7*g**3/6 - 3*g**2. Calculate the remainder when 25 is divided by y(-5).
12
Let g(c) = 2*c**3 - 3*c**2 + c - 2. Let o be g(2). What is the remainder when 1405/45 + o/(-18) is divided by ((-2)/4)/((-2)/44)?
9
Calculate the remainder when 124 is divided by -4*4*(5 + -6 - 1).
28
Let o = 54 - 20. Calculate the remainder when 99 is divided by o.
31
Let r = -56 - -94. Calculate the remainder when 187 is divided by r.
35
Suppose -5*x - 5*k - 25 = 0, 0 = 3*x - 3*k - 3 - 0. Let a = -4 - -6. Calculate the remainder when x + 2 + 5 + -3 is divided by a.
0
Suppose -q = -2*q + 2